{"id":60,"date":"2013-04-13T16:10:49","date_gmt":"2013-04-13T14:10:49","guid":{"rendered":"http:\/\/127.0.0.1\/boehmerwald\/cz\/?page_id=60"},"modified":"2021-08-03T09:37:58","modified_gmt":"2021-08-03T07:37:58","slug":"krusne-hory","status":"publish","type":"page","link":"https:\/\/www.boehmerwaldmuseum.at\/cz\/sumavske-muzeum-dnes\/krusne-hory\/","title":{"rendered":"Kru\u0161n\u00e9 hory"},"content":{"rendered":"\n<div class=\"wp-block-columns\">\n<div class=\"wp-block-column\" style=\"flex-basis:20%\">\n<div class=\"wp-block-image is-style-default\"><figure class=\"alignleft\"><img src=\"http:\/\/www.boehmerwaldmuseum.at\/wp-content\/uploads\/2013\/07\/museum_eg_1.jpg\" alt=\"museum_eg_1\" class=\"wp-image-19\"\/><\/figure><\/div>\n<\/div>\n\n\n\n<div class=\"wp-block-column\" style=\"flex-basis:66.66%\">\n<p> Pohrani\u010dn\u00ed p\u00e1smo mezi Saskem a \u010cechy s nejvy\u0161\u0161\u00ed horou Kl\u00ednovcem bylo ji\u017e od 14. stolet\u00ed ovlivn\u011bno b\u00e1\u0148sk\u00fdm pr\u016fmyslem. Tak\u00e9 n\u00e1zev \u201eTaler\u201d se vztahuje na m\u011bsto J\u00e1chymov (n\u011bmecky \u201eJoachimsthal\u201d) kde ji\u017e ve st\u0159edo-v\u011bku byly t\u011b\u017eeny a ra\u017eeny st\u0159\u00edbrn\u00e9 mince. Drsn\u00e9 podneb\u00ed zpomalilo zpo\u010d\u00e1tku os\u00eddlen\u00ed na \u010desk\u00e9 stran\u011b. Pod\u00e9l obchodn\u00edch cest a na m\u00edstech vym\u00fdcen\u00fdch\u00a0les\u016f vznikaly kulturn\u00ed oblasti a zakl\u00e1daly se prvn\u00ed vesnice a m\u011bsta. <\/p>\n<\/div>\n<\/div>\n\n\n\n<div class=\"wp-block-columns\">\n<div class=\"wp-block-column\" style=\"flex-basis:20%\">\n<div class=\"wp-block-image is-style-default\"><figure class=\"alignleft\"><img src=\"http:\/\/www.boehmerwaldmuseum.at\/wp-content\/uploads\/2013\/07\/museum_eg_2.jpg\" alt=\"museum_eg_2\" class=\"wp-image-20\"\/><\/figure><\/div>\n<\/div>\n\n\n\n<div class=\"wp-block-column\" style=\"flex-basis:66.66%\">\n<p>Po objeven\u00ed velk\u00e9ho v\u00fdskytu rudy se staly Kru\u0161n\u00e9 hory v \u0161estn\u00e1ct\u00e9m stolet\u00ed centrem b\u00e1\u0148sk\u00e9ho pr\u016fmyslu ve st\u0159edn\u00ed Evrop\u011b. To vedlo k vzr\u016fstajic\u00edmu p\u0159ist\u011bhovalstv\u00ed z vnitrozem\u00ed a tak\u00e9 horn\u00edk\u016f z N\u011bmecka. Po zmatc\u00edch t\u0159icetilet\u00e9 v\u00e1lky a protireformace do\u0161lo nejd\u0159\u00edve k \u00fapadku b\u00e1\u0148sk\u00e9ho pr\u016fmyslu. Obyvatelstvo muselo \u017e\u00edt z v\u00fdd\u011blku v zem\u011b-d\u011blstv\u00ed, v\u00fdrobou d\u0159ev\u011bn\u00e9ho zbo\u017e\u00ed a hra\u010dek. Vznikl strojn\u00ed, textiln\u00ed a hodin\u00e1\u0159sk\u00fd pr\u016fmysl a ukazovaly se prvn\u00ed n\u00e1znaky cestovn\u00edho ruchu.V pozd\u011bj\u0161\u00edch letech se za\u010dalo st\u011b\u017ebou kobaltu, kaolinu a uranu, \u010d\u00edm\u017e do\u0161lo k zlep\u0161en\u00ed hospod\u00e1\u0159sk\u00e9 situace. V letech 1945\/46 musela velk\u00e1 \u010d\u00e1st n\u011bmecky mluv\u00edc\u00edho obyvatelstva sv\u016fj domov opustit a v\u011bt\u0161inou na\u0161li \u00fato\u010di\u0161t\u011b v sousedn\u00edm (v\u00fdchodn\u00edm) N\u011bmecku. <\/p>\n<\/div>\n<\/div>\n\n\n\n<div class=\"wp-block-image\"><figure class=\"alignleft\"><a href=\"http:\/\/www.boehmerwaldmuseum.at\/museum-2\/erzgebirge\/\"><img loading=\"lazy\" width=\"24\" height=\"14\" src=\"http:\/\/www.boehmerwaldmuseum.at\/cz\/wp-content\/uploads\/sites\/3\/2013\/04\/de_o.jpg\" alt=\"de_o\" class=\"wp-image-111\"\/><\/a><\/figure><\/div>\n\n\n\n<div class=\"wp-block-image\"><figure class=\"alignleft\"><a href=\"http:\/\/www.boehmerwaldmuseum.at\/en\/welcome\/ore-mountains\/\"><img loading=\"lazy\" width=\"24\" height=\"14\" src=\"http:\/\/www.boehmerwaldmuseum.at\/cz\/wp-content\/uploads\/sites\/3\/2013\/04\/en_o.jpg\" alt=\"en_o\" class=\"wp-image-112\"\/><\/a><\/figure><\/div>\n\n\n\n<div class=\"wp-block-image\"><figure class=\"alignleft\"><a href=\"http:\/\/www.boehmerwaldmuseum.at\/cz\/wp-content\/uploads\/sites\/3\/2013\/04\/cz.jpg\"><img loading=\"lazy\" width=\"24\" height=\"14\" src=\"http:\/\/www.boehmerwaldmuseum.at\/cz\/wp-content\/uploads\/sites\/3\/2013\/04\/cz.jpg\" alt=\"cz\" class=\"wp-image-110\"\/><\/a><\/figure><\/div>\n\n\n\n<p><\/p>\n","protected":false},"excerpt":{"rendered":"<p>Pohrani\u010dn\u00ed p\u00e1smo mezi Saskem a \u010cechy s nejvy\u0161\u0161\u00ed horou Kl\u00ednovcem bylo ji\u017e od 14. stolet\u00ed ovlivn\u011bno b\u00e1\u0148sk\u00fdm pr\u016fmyslem. Tak\u00e9 n\u00e1zev \u201eTaler\u201d se vztahuje na m\u011bsto J\u00e1chymov (n\u011bmecky \u201eJoachimsthal\u201d) kde ji\u017e&hellip;<\/p>\n","protected":false},"author":1,"featured_media":209,"parent":27,"menu_order":2,"comment_status":"closed","ping_status":"closed","template":"onecolumn-page.php","meta":[],"_links":{"self":[{"href":"https:\/\/www.boehmerwaldmuseum.at\/cz\/wp-json\/wp\/v2\/pages\/60"}],"collection":[{"href":"https:\/\/www.boehmerwaldmuseum.at\/cz\/wp-json\/wp\/v2\/pages"}],"about":[{"href":"https:\/\/www.boehmerwaldmuseum.at\/cz\/wp-json\/wp\/v2\/types\/page"}],"author":[{"embeddable":true,"href":"https:\/\/www.boehmerwaldmuseum.at\/cz\/wp-json\/wp\/v2\/users\/1"}],"replies":[{"embeddable":true,"href":"https:\/\/www.boehmerwaldmuseum.at\/cz\/wp-json\/wp\/v2\/comments?post=60"}],"version-history":[{"count":10,"href":"https:\/\/www.boehmerwaldmuseum.at\/cz\/wp-json\/wp\/v2\/pages\/60\/revisions"}],"predecessor-version":[{"id":245,"href":"https:\/\/www.boehmerwaldmuseum.at\/cz\/wp-json\/wp\/v2\/pages\/60\/revisions\/245"}],"up":[{"embeddable":true,"href":"https:\/\/www.boehmerwaldmuseum.at\/cz\/wp-json\/wp\/v2\/pages\/27"}],"wp:featuredmedia":[{"embeddable":true,"href":"https:\/\/www.boehmerwaldmuseum.at\/cz\/wp-json\/wp\/v2\/media\/209"}],"wp:attachment":[{"href":"https:\/\/www.boehmerwaldmuseum.at\/cz\/wp-json\/wp\/v2\/media?parent=60"}],"curies":[{"name":"wp","href":"https:\/\/api.w.org\/{rel}","templated":true}]}}

Krušné hory

<div class="wp-block-columns">
<div class="wp-block-column" style="flex-basis:20%">
<div class="wp-block-image is-style-default"><figure class="alignleft"><img src="http://www.boehmerwaldmuseum.at/wp-content/uploads/2013/07/museum_eg_1.jpg" alt="museum_eg_1" class="wp-image-19"/></figure></div>
</div>



<div class="wp-block-column" style="flex-basis:66.66%">
<p> Pohraniční pásmo mezi Saskem a Čechy s nejvyšší horou Klínovcem bylo již od 14. století ovlivněno báňským průmyslem. Také název „Taler” se vztahuje na město Jáchymov (německy „Joachimsthal”) kde již ve středo-věku byly těženy a raženy stříbrné mince. Drsné podnebí zpomalilo zpočátku osídlení na české straně. Podél obchodních cest a na místech vymýcených lesů vznikaly kulturní oblasti a zakládaly se první vesnice a města. </p>
</div>
</div>



<div class="wp-block-columns">
<div class="wp-block-column" style="flex-basis:20%">
<div class="wp-block-image is-style-default"><figure class="alignleft"><img src="http://www.boehmerwaldmuseum.at/wp-content/uploads/2013/07/museum_eg_2.jpg" alt="museum_eg_2" class="wp-image-20"/></figure></div>
</div>



<div class="wp-block-column" style="flex-basis:66.66%">
<p>Po objevení velkého výskytu rudy se staly Krušné hory v šestnáctém století centrem báňského průmyslu ve střední Evropě. To vedlo k vzrůstajicímu přistěhovalství z vnitrozemí a také horníků z Německa. Po zmatcích třicetileté války a protireformace došlo nejdříve k úpadku báňského průmyslu. Obyvatelstvo muselo žít z výdělku v země-dělství, výrobou dřevěného zboží a hraček. Vznikl strojní, textilní a hodinářský průmysl a ukazovaly se první náznaky cestovního ruchu.V pozdějších letech se začalo stěžbou kobaltu, kaolinu a uranu, čímž došlo k zlepšení hospodářské situace. V letech 1945/46 musela velká část německy mluvícího obyvatelstva svůj domov opustit a většinou našli útočiště v sousedním (východním) Německu. </p>
</div>
</div>



<div class="wp-block-image"><figure class="alignleft"><a href="http://www.boehmerwaldmuseum.at/museum-2/erzgebirge/"><img loading="lazy" width="24" height="14" src="http://www.boehmerwaldmuseum.at/cz/wp-content/uploads/sites/3/2013/04/de_o.jpg" alt="de_o" class="wp-image-111"/></a></figure></div>



<div class="wp-block-image"><figure class="alignleft"><a href="http://www.boehmerwaldmuseum.at/en/welcome/ore-mountains/"><img loading="lazy" width="24" height="14" src="http://www.boehmerwaldmuseum.at/cz/wp-content/uploads/sites/3/2013/04/en_o.jpg" alt="en_o" class="wp-image-112"/></a></figure></div>



<div class="wp-block-image"><figure class="alignleft"><a href="http://www.boehmerwaldmuseum.at/cz/wp-content/uploads/sites/3/2013/04/cz.jpg"><img loading="lazy" width="24" height="14" src="http://www.boehmerwaldmuseum.at/cz/wp-content/uploads/sites/3/2013/04/cz.jpg" alt="cz" class="wp-image-110"/></a></figure></div>



<p></p>

<p>Pohraniční pásmo mezi Saskem a Čechy s nejvyšší horou Klínovcem bylo již od 14. století ovlivněno báňským průmyslem. Také název „Taler” se vztahuje na město Jáchymov (německy „Joachimsthal”) kde již&hellip;</p>
